List the prime factors of 1/(-2)*(-6 - v).
3
Suppose 5*c + 79 = -3*n, 3*n - 4*n - 41 = -2*c. Let k = 57 + n. Suppose -x + k = 3*x. What are the prime factors of x?
2, 3
Suppose 2*m - 3*f = 163, 0 = m - 0*m + 4*f - 54. List the prime factors of m.
2, 37
Suppose -5*a = -2*m - 11, 0 = -7*m + 3*m - 4*a + 20. Let g be 1 + -2 - (-1 + m). What are the prime factors of 5*(12/(-10))/g?
3
Let z(d) = d**3 - 9*d**2 + d - 7. Let i be z(9). Suppose s + i*t = 5*s - 14, 5*t - 20 = -s. Suppose -41 = -s*a + 19. List the prime factors of a.
2, 3
Let a(i) = 125*i**2 - i - 2. Let t be a(-1). Suppose 1 + t = 5*z. List the prime factors of z.
5
Suppose 4*j = 8*j - 12. Suppose 25 = -j*s - 2*s. List the prime factors of (8/s)/(1/(-5)).
2
Let q(r) = r**3 + 3*r**2 - 2*r + 4. Let p be q(-3). Let d = p + 5. What are the prime factors of d?
3, 5
Let w(z) = 4*z**2 + 2*z. Let h be w(2). Let m = 42 - h. List the prime factors of m.
2, 11
List the prime factors of (1 - 0)/(2/32).
2
Let i be 310/(-8) + (-5)/20. What are the prime factors of i*(3/(-3))/3?
13
Suppose 3*v - 2*h = -30, 5*v = -h - 4*h - 50. Let q be (6/v)/(1/(-5)). Suppose -b - q*b = -88. List the prime factors of b.
2, 11
Let v = -153 + 298. What are the prime factors of v?
5, 29
Let m = -480 + 706. List the prime factors of m.
2, 113
Let j = 166 - 101. List the prime factors of j.
5, 13
Let s(y) = 8 - 12*y + 4*y - 2. What are the prime factors of s(-3)?
2, 3, 5
Suppose -145 = -3*t + 5*g, 4*t = -2*g - 2*g + 140. Suppose 4*d - 3*w - t = 0, -d - 2*w = 3*d - 20. List the prime factors of d.
7
Let a = -13 - -9. Let y be (3 - -3)/(a/(-14)). What are the prime factors of (y/4)/(3/8)?
2, 7
Let n be (-32)/(-12) + (-2)/(-6). Suppose -3*i + h = n, 2*i + 14 = -2*i - 2*h. What are the prime factors of (18/(-4))/(1/i)?
3
Let w(a) = a. Suppose -4*c = 5*j - 3 - 3, -5*c + 1 = 3*j. Let f(s) = -s**2 + 6*s + 1. Let p(b) = c*f(b) + 5*w(b). List the prime factors of p(-2).
5
What are the prime factors of (-2)/(-3 + 385/129) + 2?
131
Let p be 0 + -47 - 1 - 1. Let q = 76 + p. What are the prime factors of q?
3
Suppose -5*m + 6 = -4*m. Let v(x) = 3*x + 8. Let p(s) = -s - 4. Let c(u) = 5*p(u) + 2*v(u). List the prime factors of c(m).
2
Suppose 3*x + 4*b - 557 = 0, 3*x = -x - 5*b + 744. List the prime factors of x.
191
Let i = 89 - 22. Suppose -x = 5*j - i, 2*j - 2*x + 1 - 23 = 0. List the prime factors of j.
13
What are the prime factors of 354/10 - (-8)/(-20)?
5, 7
Let s(v) = 4*v**2 - 1. Let i be s(-1). Suppose 4*u + 4*x = 12, 2*x = -4*u + i*u + 1. What are the prime factors of u?
5
Let d = 181 - 60. What are the prime factors of d?
11
Let v = 257 + -163. What are the prime factors of v?
2, 47
Let c = 348 + -35. What are the prime factors of c?
313
List the prime factors of 2*23 - (-2 + 2 - 2).
2, 3
Let t = -1 + 5. List the prime factors of (-6)/t*-1*2.
3
Suppose -5*n = -3*f - 46 - 22, f - 84 = -5*n. What are the prime factors of n?
2
Suppose -a + 1 = 4*c, c - 25 = 5*a + 12. Let g(q) = -2*q - 6. What are the prime factors of g(a)?
2
Let q(f) = -f**3 + f**2 - 1. Let i(k) = 2*k**3 - 8*k**2 + k - 2. Let j(u) = -i(u) - 3*q(u). What are the prime factors of j(-5)?
2, 5
Suppose -h = 4*h + 10. Let w(m) = -m**3 - 2*m**2 - 2*m + 2. Let i be w(h). Suppose 0 = -q - 2*q + i. List the prime factors of q.
2
Let k = 18 - 12. List the prime factors of k.
2, 3
Let i be (28/(-35))/((-2)/(-15)). Let m = i + 5. Let s(o) = 10*o**2 + 2*o + 1. List the prime factors of s(m).
3
Suppose 2*b - 40 = 6*b. What are the prime factors of b*(-3 + 1)/4?
5
Let g = -30 - -21. List the prime factors of (1 - (-15)/g)*-12.
2
List the prime factors of ((-191)/(-2))/(7/14) - -3.
2, 97
Let u(c) = c**2 + 3*c + 2. Let s be -1*(1 + -2)*1. Suppose r + 3 = -s. List the prime factors of u(r).
2, 3
Let w(x) = -13 - 22 + 42 - x**2 + 9*x. Let i(k) = k**3 - 6*k**2 + k + 3. Let u be i(6). What are the prime factors of w(u)?
7
Let m = 27 - -25. What are the prime factors of m?
2, 13
Suppose -4*m + 6*m = 48. List the prime factors of m.
2, 3
Let d(m) = -m**3 - 2*m**2 + 2*m. Let z be d(-3). Let o be (2/4)/(z/66). List the prime factors of 1 - 2/((-2)/o).
2, 3
Let s = -2 + -14. Let l be s/(-6)*(-21)/(-14). Suppose -a + n = -10, -l*a - 4*n + 0 = -48. List the prime factors of a.
11
Let c = 165 - 116. List the prime factors of c.
7
Let h be ((-6)/2)/((-6)/4). Let i be 284/6 - h/(-3). Suppose 44 = 4*w - i. What are the prime factors of w?
23
Let t(l) = 3*l + 3 + 2*l - 2*l**3 + 0*l**2 - l**2 + l**3. Let c be t(-3). What are the prime factors of ((-8)/c)/((-4)/30)?
2, 5
Suppose 5*i = f - 0*f + 11, 2*f + i = -11. Suppose -4*w = 4*x + 32, -28 + 8 = w - 2*x. Let l = f - w. List the prime factors of l.
2, 3
Suppose 0 = -2*m - 2*m + 60. Suppose 5*l + m = 2*k, -3*k = -k + l - 45. List the prime factors of k.
2, 5
Let f(a) = -a**3 - 7*a**2 + 8*a - 12. Let b be f(-9). Suppose 0 = -5*q + 2*q + b. List the prime factors of q.
2, 13
Suppose y + 43 = 5*z + 2*y, -4*y + 19 = 3*z. What are the prime factors of -3*z/((-54)/40)?
2, 5
Suppose 204 = 7*p - 3*p. List the prime factors of p.
3, 17
Let h(o) = -o**3 - o**2 + 11. Let j(r) = -r**2 + r. Let z be j(1). Let x be h(z). Suppose x = 3*g - 28. What are the prime factors of g?
13
Let n(i) = -i**2 - 12*i + 2. Let z be n(-9). Let p = z + -9. What are the prime factors of p?
2, 5
Let i(m) = -m + 9. Suppose 4*n + 0*n = 0. What are the prime factors of i(n)?
3
Let v be (-1 + 2)/((-1)/(-3)). Suppose -3*u - 3*g + 63 = -0*u, -v*u + 83 = -2*g. Suppose 0 = 2*f + 3*f - u. List the prime factors of f.
5
Let l = 362 - -18. What are the prime factors of l?
2, 5, 19
Let w = -5 + 0. List the prime factors of ((-64)/(-10))/(-4)*w.
2
Let y = -1 + -2. Let z be 255/(-5)*4/y. Suppose -i = -4*o + 2, 4*i = -3*o - 19 + z. List the prime factors of i.
2, 5
Suppose -2*h - 72 = -2*a - 4*h, 4*a + 3*h = 148. What are the prime factors of a/12*75/10?
5
Let x(r) = -r**3 + 3*r. Let t be x(3). What are the prime factors of t/(-3) + 2 - 3?
5
Suppose 4*k + b - 14 = 12, -2*k + 5*b + 2 = 0. List the prime factors of 21*2*1/k.
7
Let t(b) = b**3 + 6*b**2 - 8*b - 9. Let p be t(-7). Let q = 6 - 6. Let g = q - p. List the prime factors of g.
2
Let m = 0 + 3. Let k(l) be the third derivative of -l**6/120 + l**5/12 - 5*l**4/24 + l**3/3 - l**2. List the prime factors of k(m).
5
Let k(l) = 5*l**2 - 2*l - 11. What are the prime factors of k(5)?
2, 13
Suppose 0 = -4*u - 2*j + 16, 2*u - 4*j + 12 = -0*u. Let v be u/(-8) - (-121)/4. Let a = -13 + v. List the prime factors of a.
17
Suppose 907 + 696 = 7*r. List the prime factors of r.
229
Let d be (2/3)/(4/6). Suppose l = d - 3. What are the prime factors of (-11)/l - 2/(-4)?
2, 3
Let p = -2 - -23. List the prime factors of p.
3, 7
Let a(g) = -g**2 - 2*g + 4. Let u be a(-3). Suppose -u = -2*w + 2*l + 7, -2*l = -5*w + 14. Suppose -z - 4 = -w*z. What are the prime factors of z?
2
Let k = 4 - 3. List the prime factors of (k + 4/2)*1.
3
Let l = 11 + -3. Suppose s + 4 = 2*s. Suppose -l + s = -2*h. What are the prime factors of h?
2
Let o = -98 - -164. List the prime factors of o.
2, 3, 11
Let c = -327 - -551. List the prime factors of c.
2, 7
Suppose -5*u = -u - 16. Let i(y) be the first derivative of -y**3/3 + 2*y**2 + 3*y + 2. What are the prime factors of i(u)?
3
Let s be (-6)/(-15) + (-2)/5. Suppose -4*l = 3*g - 19 + 44, s = 2*l - 4*g + 18. Let c = l + 16. What are the prime factors of c?
3
Let z(k) = -k**3 + 15*k**2 - 14*k. Let j be z(14). Suppose o - 3*v - 8 = 0, j*o + 3*v + 18 = 3*o. What are the prime factors of o?
5
Let w = 38 - -53. What are the prime factors of w?
7, 13
Let u(f) be the second derivative of f**4/12 + 2*f**3/3 + 3*f**2/2 + 7*f. Let a = -16 + 11. What are the prime factors of u(a)?
2
Let b = 14 + -9. Suppose -b*p = -4*n - 209, -p - 3*p - 180 = 3*n. What are the prime factors of (-2)/10 - n/5?
11
Let p be (-48)/(-12) - -1*1. Suppose 3*g = -p*n + 26, -2*n + 6 = -2*g + 34. What are the prime factors of g?
2, 3
What are the prime factors of (114/15)/((-3)/(-90))?
2, 3, 19
Let r be (-16)/2*(-2)/(-2). What are the prime factors of (8/5)/(r/(-60))?
2, 3
Suppose 6*k = 9*k - 171. What are the prime factors of k?
3, 19
Suppose 2*d - 4*d + 5*v = 12, 2*d - v = 4. Suppose i - 2*h - h = 13, 44 = d*i - 4*h. What are the prime factors of i?
2, 5
Suppose 3*f